e
Is 1318466801 composite?
False
Is 15017612957 composite?
False
Is 2635771253 prime?
True
Is 8905988057 prime?
True
Is 36887056509 prime?
False
Is 15053486891 prime?
False
Is 5392378003 a composite number?
False
Is 7262576147 prime?
False
Is 777622861 a composite number?
True
Is 361005930611 composite?
False
Is 1270407377 composite?
False
Is 22855400231 composite?
True
Is 21812557883 a composite number?
False
Is 17062392461 prime?
False
Is 3630198541 composite?
False
Is 41898185101 a composite number?
True
Is 770761177 composite?
False
Is 10682345822 a composite number?
True
Is 1300974823 a prime number?
True
Is 14505951077 a composite number?
True
Is 810562637 a composite number?
True
Is 2454203393 a prime number?
True
Is 23190737 prime?
False
Is 950744423 prime?
True
Is 5261570101 composite?
False
Is 18535788437 composite?
False
Is 1130893169 composite?
True
Is 36826335571 composite?
True
Is 11122939457 a prime number?
False
Is 4459793699 a prime number?
True
Is 909710821 a composite number?
False
Is 765602221 prime?
True
Is 10682283223 prime?
True
Is 3045726977 a prime number?
False
Is 135993478717 a prime number?
False
Is 38183648671 a prime number?
False
Is 239116193947 a composite number?
True
Is 213671182511 prime?
True
Is 12102479233 a prime number?
False
Is 11982103291 a prime number?
False
Is 18312349313 prime?
True
Is 367836869 prime?
False
Is 3733112683 composite?
True
Is 1913387387 composite?
False
Is 345209801 prime?
False
Is 37567037 a composite number?
False
Is 15404578451 composite?
False
Is 4333580663 a composite number?
False
Is 281533201 a composite number?
True
Is 406015477 prime?
False
Is 38981116111 composite?
True
Is 9909171773 a composite number?
False
Is 407959141 composite?
False
Is 711109381 composite?
False
Is 30965604263 a prime number?
False
Is 339979681 prime?
False
Is 272416097 a prime number?
True
Is 23194280129 composite?
True
Is 540018359 a prime number?
True
Is 2871205277 a prime number?
False
Is 12083799887 prime?
False
Is 90204365939 composite?
False
Is 132629791 prime?
False
Is 2554476233 prime?
True
Is 175162256389 composite?
False
Is 434465483 a composite number?
False
Is 585202087 a prime number?
False
Is 2781123379 prime?
True
Is 2551049717 a prime number?
True
Is 13133426503 a prime number?
True
Is 428681093 composite?
False
Is 34461879563 composite?
False
Is 22666697147 composite?
True
Is 205792943 prime?
True
Is 2240724019 composite?
True
Is 4552564561 a prime number?
True
Is 19882858481 prime?
True
Is 34210825549 prime?
False
Is 34716828761 composite?
True
Is 636330439 prime?
False
Is 704103721 a prime number?
True
Is 1263374373 a prime number?
False
Is 3204106163 a prime number?
True
Is 9225820349 a composite number?
False
Is 199356217 a composite number?
False
Is 12771642535 a prime number?
False
Is 3240359287 composite?
True
Is 9289593121 prime?
True
Is 8661901433 composite?
False
Is 1035278207 prime?
True
Is 5572246697 a prime number?
True
Is 11506091741 composite?
False
Is 3579644087 a composite number?
True
Is 10463961583 a prime number?
True
Is 12150764147 composite?
True
Is 39381509357 composite?
False
Is 6294991667 a composite number?
True
Is 48778622549 prime?
True
Is 125693353 composite?
True
Is 15119542211 a prime number?
True
Is 671277119 composite?
False
Is 12077056571 prime?
True
Is 29283141071 prime?
True
Is 38860923961 a prime number?
True
Is 1493588597 prime?
True
Is 93071212147 a prime number?
False
Is 8149546981 a prime number?
True
Is 533073581 prime?
True
Is 2148433 a composite number?
True
Is 38738534489 composite?
True
Is 1604538061 composite?
True
Is 1153788773 a prime number?
True
Is 17778846907 a prime number?
True
Is 79328233 prime?
False
Is 61266361 composite?
True
Is 43187681089 prime?
False
Is 51578421754 composite?
True
Is 261272293 composite?
False
Is 591606203 a composite number?
False
Is 480565507 a composite number?
True
Is 13872035213 composite?
True
Is 532053341 prime?
False
Is 5328725603 a composite number?
False
Is 2052785011 a composite number?
False
Is 5602985741 composite?
False
Is 2102118163 a prime number?
False
Is 16330638323 a composite number?
False
Is 1513207639 prime?
False
Is 24386186087 a composite number?
True
Is 135518241323 composite?
True
Is 13618476899 a prime number?
True
Is 13610141671 composite?
True
Is 31748782861 a composite number?
True
Is 2107028953 a composite number?
True
Is 14715975179 a prime number?
True
Is 27514551793 a composite number?
False
Is 262468961 composite?
False
Is 36731224219 a prime number?
True
Is 1034904227 a composite number?
True
Is 69863159 a composite number?
False
Is 9642341 a composite number?
False
Is 20821008211 composite?
False
Is 9483478163 a composite number?
True
Is 67083317491 a composite number?
False
Is 813744073 a prime number?
False
Is 10889677653 composite?
True
Is 395513969 a prime number?
True
Is 18582876997 a composite number?
True
Is 41184243115 prime?
False
Is 4861966007 a prime number?
False
Is 3525771397 prime?
True
Is 3309244639 a composite number?
False
Is 3758505953 prime?
True
Is 1295683751 a composite number?
False
Is 2659908551 composite?
True
Is 26222654317 a composite number?
False
Is 6443497891 a composite number?
True
Is 850137191 a prime number?
True
Is 15225483941 a prime number?
False
Is 121166175203 a prime number?
True
Is 456081949 composite?
False
Is 40157870927 composite?
False
Is 25046519257 prime?
True
Is 502645523 a prime number?
True
Is 20671358089 a prime number?
True
Is 18687021407 a prime number?
True
Is 3165742849 a prime number?
True
Is 12017523517 composite?
True
Is 9692979421 a prime number?
True
Is 3395058917 a prime number?
True
Is 15555301639 a composite number?
True
Is 9709751509 composite?
False
Is 1296775957 composite?
False
Is 988546901 composite?
False
Is 186448861 a composite number?
False
Is 13657597313 prime?
False
Is 11648742359 a composite number?
True
Is 39349879 prime?
False
Is 26092091398 composite?
True
Is 5559389 composite?
True
Is 544525243 a prime number?
False
Is 1052931689 a prime number?
True
Is 5462507579 composite?
False
Is 355285561 prime?
True
Is 1425547169 a prime number?
False
Is 3622138991 a composite number?
True
Is 7573067927 prime?
True
Is 774886349 a prime number?
True
Is 49882877 a prime number?
False
Is 9336752941 a composite number?
False
Is 2188508485 a composite number?
True
Is 25270901867 a composite number?
False
Is 60218389447 a composite number?
False
Is 286921733305 composite?
True
Is 6324268927 composite?
False
Is 6666068117 a prime number?
True
Is 207315198179 prime?
True
Is 12344454277 a composite number?
False
Is 8725680043 a composite number?
True
Is 2925562307 a composite number?
True
Is 23362103981 a composite number?
True
Is 7426282229 prime?
True
Is 109247807 composite?
False
Is 112897845293 composite?
True
Is 120990088567 a prime number?
True
Is 4178840611 a composite number?
True
Is 1385244767 prime?
False
Is 4251005537 composite?
True
Is 31146174263 composite?
True
Is 7752876301 a composite number?
True
Is 598644139 a composite number?
False
Is 1187496433 a composite number?
False
Is 5741953147 a prime number?
False
Is 40791530831 composite?
False
Is 2813075959 a prime number?
True
Is 138912340399 prime?
False
Is 1503640907 prime?
False
Is 38902993 composite?
True
Is 36340747973 prime?
True
Is 9481237211 composite?
True
Is 14883180019 a composite number?
False
Is 66972158629 a prime number?
False
Is 209665471201 a composite number?
True
Is 214537282747 a prime number?
False
Is 28327726319 a composite number?
True
Is 19818331259 prime?
False
Is 890516866 prime?
False
Is 2720594605 a prime number?
False
Is 1025113051 a composite number?
False
Is 588656359 a composite number?
True
Is 16164719111 composite?
False
Is 1857983665 a prime number?
False
Is 1430507203 a composite number?
False
Is 9482765549 a composite number?
False
Is 1360091011 composite?
False
Is 279719953103 prime?
True
Is 70562094695 a prime number?
False
Is 3037961 a prime number?
False
Is 2218186969 a prime number?
True
Is 6864661697 a prime number?
True
Is 16581886943 a prime number?
True
Is 5375684161 composite?
True
Is 1737583543 a composite number?
False
Is 43476992681 prime?
True
Is 11483004853 prime?
True
Is 110767216331 composite